 hundred thousands digit of 3269178?
2
What is the millions digit of 8563213?
8
What is the thousands digit of 972071?
2
What is the millions digit of 15370140?
5
What is the ten thousands digit of 89243?
8
What is the units digit of 94277?
7
What is the hundred thousands digit of 762359?
7
What is the ten thousands digit of 1457932?
5
What is the thousands digit of 171210?
1
What is the millions digit of 6082060?
6
What is the ten thousands digit of 970185?
7
What is the ten millions digit of 13558953?
1
What is the hundred thousands digit of 326048?
3
What is the ten thousands digit of 3376619?
7
What is the millions digit of 14876411?
4
What is the ten thousands digit of 449081?
4
What is the hundreds digit of 6124982?
9
What is the hundreds digit of 1454220?
2
What is the thousands digit of 245606?
5
What is the thousands digit of 52184?
2
What is the hundred thousands digit of 722333?
7
What is the thousands digit of 52665?
2
What is the units digit of 140878?
8
What is the units digit of 508126?
6
What is the hundred thousands digit of 107117?
1
What is the ten thousands digit of 401563?
0
What is the ten thousands digit of 306638?
0
What is the thousands digit of 92540?
2
What is the thousands digit of 22236862?
6
What is the hundreds digit of 511052?
0
What is the hundreds digit of 1123047?
0
What is the units digit of 323596?
6
What is the hundreds digit of 28043866?
8
What is the ten thousands digit of 10405216?
0
What is the tens digit of 912565?
6
What is the units digit of 4744617?
7
What is the hundred thousands digit of 2340953?
3
What is the tens digit of 3111673?
7
What is the ten thousands digit of 46601?
4
What is the millions digit of 1924546?
1
What is the hundred thousands digit of 17067362?
0
What is the hundreds digit of 17410415?
4
What is the millions digit of 1420541?
1
What is the thousands digit of 977363?
7
What is the tens digit of 10567664?
6
What is the tens digit of 278453?
5
What is the units digit of 19581814?
4
What is the hundred thousands digit of 255502?
2
What is the millions digit of 13427297?
3
What is the millions digit of 2765842?
2
What is the hundreds digit of 185626?
6
What is the ten thousands digit of 550563?
5
What is the thousands digit of 974188?
4
What is the hundred thousands digit of 108654?
1
What is the hundreds digit of 362193?
1
What is the hundreds digit of 58675?
6
What is the units digit of 703463?
3
What is the hundred thousands digit of 430281?
4
What is the units digit of 310192?
2
What is the ten thousands digit of 258251?
5
What is the units digit of 2366647?
7
What is the hundreds digit of 32519186?
1
What is the hundreds digit of 6970450?
4
What is the thousands digit of 261724?
1
What is the ten thousands digit of 7263777?
6
What is the tens digit of 2610243?
4
What is the thousands digit of 12997578?
7
What is the hundred thousands digit of 705681?
7
What is the ten thousands digit of 198210?
9
What is the tens digit of 50452?
5
What is the ten thousands digit of 1231872?
3
What is the hundreds digit of 15341858?
8
What is the units digit of 20156759?
9
What is the tens digit of 15818079?
7
What is the hundreds digit of 9514084?
0
What is the tens digit of 158687?
8
What is the hundreds digit of 121961?
9
What is the units digit of 374851?
1
What is the hundreds digit of 287420?
4
What is the hundred thousands digit of 27956102?
9
What is the tens digit of 343037?
3
What is the tens digit of 352400?
0
What is the millions digit of 2630885?
2
What is the tens digit of 372101?
0
What is the millions digit of 3050063?
3
What is the tens digit of 9994835?
3
What is the hundred thousands digit of 308648?
3
What is the units digit of 1052129?
9
What is the hundred thousands digit of 6234887?
2
What is the thousands digit of 592601?
2
What is the hundreds digit of 166339?
3
What is the millions digit of 2059728?
2
What is the thousands digit of 23874?
3
What is the hundred thousands digit of 1078670?
0
What is the tens digit of 399013?
1
What is the hundred thousands digit of 18451123?
4
What is the thousands digit of 16793249?
3
What is the hundred thousands digit of 5402516?
4
What is the hundred thousands digit of 654960?
6
What is the hundreds digit of 1427382?
3
What is the units digit of 997274?
4
What is the tens digit of 12807787?
8
What is the hundreds digit of 586274?
2
What is the tens digit of 1250807?
0
What is the hundreds digit of 5068516?
5
What is the thousands digit of 2093696?
3
What is the thousands digit of 5784717?
4
What is the units digit of 659033?
3
What is the millions digit of 2178244?
2
What is the hundred thousands digit of 723018?
7
What is the thousands digit of 1928937?
8
What is the hundreds digit of 2291509?
5
What is the units digit of 3287118?
8
What is the ten thousands digit of 171268?
7
What is the units digit of 261147?
7
What is the tens digit of 5295005?
0
What is the thousands digit of 1000633?
0
What is the thousands digit of 21332387?
2
What is the hundred thousands digit of 143238?
1
What is the units digit of 8825000?
0
What is the units digit of 2252339?
9
What is the units digit of 407548?
8
What is the hundreds digit of 138059?
0
What is the hundreds digit of 397523?
5
What is the tens digit of 217220?
2
What is the hundreds digit of 9060129?
1
What is the units digit of 1513940?
0
What is the millions digit of 18807640?
8
What is the ten thousands digit of 631798?
3
What is the millions digit of 6430966?
6
What is the thousands digit of 206427?
6
What is the tens digit of 364629?
2
What is the ten thousands digit of 1619194?
1
What is the tens digit of 5559701?
0
What is the ten thousands digit of 13874965?
7
What is the thousands digit of 265707?
5
What is the thousands digit of 957284?
7
What is the ten thousands digit of 99245?
9
What is the tens digit of 4467373?
7
What is the thousands digit of 178680?
8
What is the thousands digit of 318611?
8
What is the tens digit of 6957009?
0
What is the millions digit of 6416948?
6
What is the hundred thousands digit of 1936340?
9
What is the thousands digit of 120927?
0
What is the hundreds digit of 1962016?
0
What is the units digit of 335152?
2
What is the tens digit of 1024425?
2
What is the hundred thousands digit of 1839797?
8
What is the tens digit of 1671354?
5
What is the millions digit of 10974215?
0
What is the units digit of 196847?
7
What is the tens digit of 105896?
9
What is the thousands digit of 2615159?
5
What is the hundred thousands digit of 5386797?
3
What is the thousands digit of 280980?
0
What is the thousands digit of 2683413?
3
What is the ten thousands digit of 4729771?
2
What is the ten thousands digit of 136901?
3
What is the thousands digit of 3791631?
1
What is the hundred thousands digit of 2776690?
7
What is the millions digit of 1146168?
1
What is the units digit of 4027906?
6
What is the ten thousands digit of 2137957?
3
What is the hundreds digit of 236831?
8
What is the ten thousands digit of 1948222?
4
What is the ten thousands digit of 3523240?
2
What is the units digit of 4541504?
4
What is the hundred thousands digit of 4542352?
5
What is the hundred thousands digit of 1946410?
9
What is the tens digit of 170825?
2
What is the units digit of 170992?
2
What is the thousands digit of 1291984?
1
What is the thousands digit of 4859903?
9
What is the ten thousands digit of 2889473?
8
What is the thousands digit of 511299?
1
What is the tens digit of 10735346?
4
What is the thousands digit of 4349030?
9
What is the hundred thousands digit of 16773285?
7
What is the ten thousands digit of 19676839?
7
What is the units digit of 262736?
6
What is the tens digit of 566278?
7
What is the units digit of 150044?
4
What is the hundred thousands digit of 678050?
6
What is the ten thousands digit of 11302257?
0
What is the tens digit of 104143?
4
What is the hundreds digit of 89340?
3
What is the millions digit of 8221331?
8
What is the units digit of 7084529?
9
What is the thousands digit of 547081?
7
What is the hundred thousands digit of 187136?
1
What is the units digit of 457869?
9
What is the tens digit of 509197?
9
What is the millions digit of 3616839?
3
What is the ten thousands digit of 993211?
9
What is the hundred thousands digit of 2029293?
0